{"version":"1.0","provider_name":"FocusEconomics [ES]","provider_url":"https:\/\/focus.s.nomatter.dev\/es","author_name":"Mirei Alofan","author_url":"https:\/\/focus.s.nomatter.dev\/es\/blog\/author\/malofan\/","title":"Perspectivas econ\u00f3micas para Alemania, el enfermo de Europa","type":"rich","width":600,"height":338,"html":"<blockquote class=\"wp-embedded-content\" data-secret=\"g7wnZZ1BTE\"><a href=\"https:\/\/focus.s.nomatter.dev\/es\/blog\/perspectivas-economicas-para-alemania-el-enfermo-de-europa\/\">Perspectivas econ\u00f3micas para Alemania, el enfermo de Europa<\/a><\/blockquote><iframe sandbox=\"allow-scripts\" security=\"restricted\" src=\"https:\/\/focus.s.nomatter.dev\/es\/blog\/perspectivas-economicas-para-alemania-el-enfermo-de-europa\/embed\/#?secret=g7wnZZ1BTE\" width=\"600\" height=\"338\" title=\"\u00abPerspectivas econ\u00f3micas para Alemania, el enfermo de Europa\u00bb \u2014 FocusEconomics [ES]\" data-secret=\"g7wnZZ1BTE\" frameborder=\"0\" marginwidth=\"0\" marginheight=\"0\" scrolling=\"no\" class=\"wp-embedded-content\"><\/iframe><script>\n\/*! This file is auto-generated *\/\n!function(d,l){\"use strict\";l.querySelector&&d.addEventListener&&\"undefined\"!=typeof URL&&(d.wp=d.wp||{},d.wp.receiveEmbedMessage||(d.wp.receiveEmbedMessage=function(e){var t=e.data;if((t||t.secret||t.message||t.value)&&!\/[^a-zA-Z0-9]\/.test(t.secret)){for(var s,r,n,a=l.querySelectorAll('iframe[data-secret=\"'+t.secret+'\"]'),o=l.querySelectorAll('blockquote[data-secret=\"'+t.secret+'\"]'),c=new RegExp(\"^https?:$\",\"i\"),i=0;i<o.length;i++)o[i].style.display=\"none\";for(i=0;i<a.length;i++)s=a[i],e.source===s.contentWindow&&(s.removeAttribute(\"style\"),\"height\"===t.message?(1e3<(r=parseInt(t.value,10))?r=1e3:~~r<200&&(r=200),s.height=r):\"link\"===t.message&&(r=new URL(s.getAttribute(\"src\")),n=new URL(t.value),c.test(n.protocol))&&n.host===r.host&&l.activeElement===s&&(d.top.location.href=t.value))}},d.addEventListener(\"message\",d.wp.receiveEmbedMessage,!1),l.addEventListener(\"DOMContentLoaded\",function(){for(var e,t,s=l.querySelectorAll(\"iframe.wp-embedded-content\"),r=0;r<s.length;r++)(t=(e=s[r]).getAttribute(\"data-secret\"))||(t=Math.random().toString(36).substring(2,12),e.src+=\"#?secret=\"+t,e.setAttribute(\"data-secret\",t)),e.contentWindow.postMessage({message:\"ready\",secret:t},\"*\")},!1)))}(window,document);\n\/\/# sourceURL=https:\/\/focus.s.nomatter.dev\/es\/wp-includes\/js\/wp-embed.min.js\n<\/script>\n","description":"Read in English Datos recientes revelan que el crecimiento eludi\u00f3 a la econom\u00eda alemana por segundo a\u00f1o consecutivo en 2024. Sin embargo, estos problemas son m\u00e1s profundos, ya que la econom\u00eda est\u00e1 pr\u00e1cticamente estancada desde 2020. Ahora que el pa\u00eds se prepara para las elecciones federales de febrero, todas las miradas est\u00e1n puestas en los","thumbnail_url":"https:\/\/focus-stg.nm-img.net\/uploads\/sites\/5\/2025\/01\/image-2.png","thumbnail_width":2400,"thumbnail_height":1254}

Perspectivas económicas para Alemania, el enfermo de Europa

<blockquote class="wp-embedded-content" data-secret="g7wnZZ1BTE"><a href="https://focus.s.nomatter.dev/es/blog/perspectivas-economicas-para-alemania-el-enfermo-de-europa/">Perspectivas económicas para Alemania, el enfermo de Europa</a></blockquote><iframe sandbox="allow-scripts" security="restricted" src="https://focus.s.nomatter.dev/es/blog/perspectivas-economicas-para-alemania-el-enfermo-de-europa/embed/#?secret=g7wnZZ1BTE" width="600" height="338" title="«Perspectivas económicas para Alemania, el enfermo de Europa» — FocusEconomics [ES]" data-secret="g7wnZZ1BTE" frameborder="0" marginwidth="0" marginheight="0" scrolling="no" class="wp-embedded-content"></iframe><script>
/*! This file is auto-generated */
!function(d,l){"use strict";l.querySelector&&d.addEventListener&&"undefined"!=typeof URL&&(d.wp=d.wp||{},d.wp.receiveEmbedMessage||(d.wp.receiveEmbedMessage=function(e){var t=e.data;if((t||t.secret||t.message||t.value)&&!/[^a-zA-Z0-9]/.test(t.secret)){for(var s,r,n,a=l.querySelectorAll('iframe[data-secret="'+t.secret+'"]'),o=l.querySelectorAll('blockquote[data-secret="'+t.secret+'"]'),c=new RegExp("^https?:$","i"),i=0;i<o.length;i++)o[i].style.display="none";for(i=0;i<a.length;i++)s=a[i],e.source===s.contentWindow&&(s.removeAttribute("style"),"height"===t.message?(1e3<(r=parseInt(t.value,10))?r=1e3:~~r<200&&(r=200),s.height=r):"link"===t.message&&(r=new URL(s.getAttribute("src")),n=new URL(t.value),c.test(n.protocol))&&n.host===r.host&&l.activeElement===s&&(d.top.location.href=t.value))}},d.addEventListener("message",d.wp.receiveEmbedMessage,!1),l.addEventListener("DOMContentLoaded",function(){for(var e,t,s=l.querySelectorAll("iframe.wp-embedded-content"),r=0;r<s.length;r++)(t=(e=s[r]).getAttribute("data-secret"))||(t=Math.random().toString(36).substring(2,12),e.src+="#?secret="+t,e.setAttribute("data-secret",t)),e.contentWindow.postMessage({message:"ready",secret:t},"*")},!1)))}(window,document);
//# sourceURL=https://focus.s.nomatter.dev/es/wp-includes/js/wp-embed.min.js
</script>

Read in English Datos recientes revelan que el crecimiento eludió a la economía alemana por segundo año consecutivo en 2024. Sin embargo, estos problemas son más profundos, ya que la economía está prácticamente estancada desde 2020. Ahora que el país se prepara para las elecciones federales de febrero, todas las miradas están puestas en los
