{"version":"1.0","provider_name":"FocusEconomics [ES]","provider_url":"https:\/\/focus.s.nomatter.dev\/es","author_name":"FocusEconomics [ES]","author_url":"https:\/\/focus.s.nomatter.dev\/es","title":"La inflaci\u00f3n retrocede en agosto","type":"rich","width":600,"height":338,"html":"<blockquote class=\"wp-embedded-content\" data-secret=\"Fmqu2KiOtR\"><a href=\"https:\/\/focus.s.nomatter.dev\/es\/countries\/vietnam\/news\/inflacion\/la-inflacion-retrocede-en-agosto\/\">Vietnam: La inflaci\u00f3n retrocede en agosto<\/a><\/blockquote><iframe sandbox=\"allow-scripts\" security=\"restricted\" src=\"https:\/\/focus.s.nomatter.dev\/es\/countries\/vietnam\/news\/inflacion\/la-inflacion-retrocede-en-agosto\/embed\/#?secret=Fmqu2KiOtR\" width=\"600\" height=\"338\" title=\"\u00abVietnam: La inflaci\u00f3n retrocede en agosto\u00bb \u2014 FocusEconomics [ES]\" data-secret=\"Fmqu2KiOtR\" frameborder=\"0\" marginwidth=\"0\" marginheight=\"0\" scrolling=\"no\" class=\"wp-embedded-content\"><\/iframe><script>\n\/*! This file is auto-generated *\/\n!function(d,l){\"use strict\";l.querySelector&&d.addEventListener&&\"undefined\"!=typeof URL&&(d.wp=d.wp||{},d.wp.receiveEmbedMessage||(d.wp.receiveEmbedMessage=function(e){var t=e.data;if((t||t.secret||t.message||t.value)&&!\/[^a-zA-Z0-9]\/.test(t.secret)){for(var s,r,n,a=l.querySelectorAll('iframe[data-secret=\"'+t.secret+'\"]'),o=l.querySelectorAll('blockquote[data-secret=\"'+t.secret+'\"]'),c=new RegExp(\"^https?:$\",\"i\"),i=0;i<o.length;i++)o[i].style.display=\"none\";for(i=0;i<a.length;i++)s=a[i],e.source===s.contentWindow&&(s.removeAttribute(\"style\"),\"height\"===t.message?(1e3<(r=parseInt(t.value,10))?r=1e3:~~r<200&&(r=200),s.height=r):\"link\"===t.message&&(r=new URL(s.getAttribute(\"src\")),n=new URL(t.value),c.test(n.protocol))&&n.host===r.host&&l.activeElement===s&&(d.top.location.href=t.value))}},d.addEventListener(\"message\",d.wp.receiveEmbedMessage,!1),l.addEventListener(\"DOMContentLoaded\",function(){for(var e,t,s=l.querySelectorAll(\"iframe.wp-embedded-content\"),r=0;r<s.length;r++)(t=(e=s[r]).getAttribute(\"data-secret\"))||(t=Math.random().toString(36).substring(2,12),e.src+=\"#?secret=\"+t,e.setAttribute(\"data-secret\",t)),e.contentWindow.postMessage({message:\"ready\",secret:t},\"*\")},!1)))}(window,document);\n\/\/# sourceURL=https:\/\/focus.s.nomatter.dev\/es\/wp-includes\/js\/wp-embed.min.js\n<\/script>\n","thumbnail_url":"https:\/\/focus.nm-img.net\/uploads\/sites\/5\/2022\/11\/Vietnam-scaled.jpg","thumbnail_width":2560,"thumbnail_height":671,"description":"En agosto, los precios al consumo subieron un 0,00% respecto al mes anterior, por debajo del 0,40% de julio. El resultado de agosto marc\u00f3 la lectura m\u00e1s baja desde diciembre de 2021. La cifra de agosto se debi\u00f3 en gran medida al menor crecimiento de los precios de los alimentos. Por su parte, la inflaci\u00f3n"}

La inflación retrocede en agosto

<blockquote class="wp-embedded-content" data-secret="Fmqu2KiOtR"><a href="https://focus.s.nomatter.dev/es/countries/vietnam/news/inflacion/la-inflacion-retrocede-en-agosto/">Vietnam: La inflación retrocede en agosto</a></blockquote><iframe sandbox="allow-scripts" security="restricted" src="https://focus.s.nomatter.dev/es/countries/vietnam/news/inflacion/la-inflacion-retrocede-en-agosto/embed/#?secret=Fmqu2KiOtR" width="600" height="338" title="«Vietnam: La inflación retrocede en agosto» — FocusEconomics [ES]" data-secret="Fmqu2KiOtR" frameborder="0" marginwidth="0" marginheight="0" scrolling="no" class="wp-embedded-content"></iframe><script>
/*! This file is auto-generated */
!function(d,l){"use strict";l.querySelector&&d.addEventListener&&"undefined"!=typeof URL&&(d.wp=d.wp||{},d.wp.receiveEmbedMessage||(d.wp.receiveEmbedMessage=function(e){var t=e.data;if((t||t.secret||t.message||t.value)&&!/[^a-zA-Z0-9]/.test(t.secret)){for(var s,r,n,a=l.querySelectorAll('iframe[data-secret="'+t.secret+'"]'),o=l.querySelectorAll('blockquote[data-secret="'+t.secret+'"]'),c=new RegExp("^https?:$","i"),i=0;i<o.length;i++)o[i].style.display="none";for(i=0;i<a.length;i++)s=a[i],e.source===s.contentWindow&&(s.removeAttribute("style"),"height"===t.message?(1e3<(r=parseInt(t.value,10))?r=1e3:~~r<200&&(r=200),s.height=r):"link"===t.message&&(r=new URL(s.getAttribute("src")),n=new URL(t.value),c.test(n.protocol))&&n.host===r.host&&l.activeElement===s&&(d.top.location.href=t.value))}},d.addEventListener("message",d.wp.receiveEmbedMessage,!1),l.addEventListener("DOMContentLoaded",function(){for(var e,t,s=l.querySelectorAll("iframe.wp-embedded-content"),r=0;r<s.length;r++)(t=(e=s[r]).getAttribute("data-secret"))||(t=Math.random().toString(36).substring(2,12),e.src+="#?secret="+t,e.setAttribute("data-secret",t)),e.contentWindow.postMessage({message:"ready",secret:t},"*")},!1)))}(window,document);
//# sourceURL=https://focus.s.nomatter.dev/es/wp-includes/js/wp-embed.min.js
</script>

En agosto, los precios al consumo subieron un 0,00% respecto al mes anterior, por debajo del 0,40% de julio. El resultado de agosto marcó la lectura más baja desde diciembre de 2021. La cifra de agosto se debió en gran medida al menor crecimiento de los precios de los alimentos. Por su parte, la inflación
